t common divisor of m and 25.
5
Let l = -25 - -11. Let v be 4/l + (-150)/(-35). Suppose 5*u = -c + 26, 0 = 3*c - 2*u + 6 + 1. What is the greatest common factor of c and v?
1
Let u(f) = -40*f - 30. Let j be u(-9). What is the greatest common factor of 33 and j?
33
Let m(l) = l + 5. Let h be m(-3). Let y(b) = 2*b**2 + b + 2. Let w be y(h). Let n be w/15*(-75)/(-2). Calculate the highest common divisor of n and 20.
10
Suppose -50 = -3*u + 2*d - d, -3*u + 62 = 2*d. What is the highest common factor of 126 and u?
18
Let a be (-6)/(-1 + (-15)/(-18)). Let f = 113 - a. What is the highest common divisor of f and 7?
7
Let z be 66/(-4) - (-3)/6. Let d(m) = -6*m**3 + 4*m**2 - 2*m. Let b be d(2). Let h = z - b. What is the greatest common divisor of 10 and h?
10
Suppose 2*a = 4*r - 2*a, -2*r = -3*a + 2. Suppose 0 = 4*g + k + k - 32, -k = g - 8. Suppose g*o - 110 = 3*o. Calculate the greatest common divisor of r and o.
2
Let o(t) be the first derivative of t**3/3 + 7*t**2/2 + 4*t + 3. Let c be o(-7). What is the highest common factor of 2 and c?
2
Suppose -8*r + 4*r = -20. What is the highest common factor of 25 and r?
5
Suppose v = -5*u + 76, 2*v + 16 = -2*v. Calculate the greatest common factor of 48 and u.
16
Let y = -117 + 360. What is the greatest common divisor of y and 27?
27
Let h(q) = -864*q. Let f be h(-1). Suppose -5*y = -666 - f. Let u = y - 152. What is the highest common factor of u and 14?
14
Let m(q) = -102*q + 3. Suppose -3*n + 43 = -4*t, t - 3*t = 4*n - 28. Let z be m(n). Let l be z/(-9) + (-1)/(-3). What is the highest common divisor of l and 17?
17
Let b be (-1 - (-2)/4)*-4. Suppose 4*c = b*c + 12. Let f = 151 + -91. Calculate the greatest common divisor of f and c.
6
Let k be 19 + 3*1/(-3). Suppose 2*f + k = 60. Calculate the greatest common divisor of 21 and f.
21
Suppose -2*d + 7*d = 4*l + 41, -l = -3*d + 19. Let o be 12 + d/(5/2). What is the highest common factor of 2 and o?
2
Let i be (-8)/12 + (-46)/(-6). Suppose -i*d + 30 = -2*d. What is the greatest common divisor of d and 2?
2
Suppose h = 1 + 1. Suppose -y = -h*j + 23, j - 3 = 3*y + 11. What is the greatest common factor of 121 and j?
11
Let b(o) = -o - 4. Let w be b(-3). Let l = w + 4. Suppose -l*d + 37 = 4*m, m + 3 - 4 = 0. Calculate the greatest common divisor of d and 99.
11
Suppose -2*v + 32 = 2*v. Let y be (0 + 1)*-6*-2. Calculate the highest common factor of v and y.
4
Suppose 0 = -2*z + h - 0*h + 15, 45 = 5*z + 5*h. Let s = 47 - -129. Suppose -s = r - 3*r. What is the highest common factor of r and z?
8
Let c = -43 - -61. Let a = -5 - -14. Calculate the greatest common factor of a and c.
9
Let d(g) = g - 3. Let n be d(8). Suppose 0 = -n*t - 5, 3*k + k - t = 169. What is the highest common divisor of 21 and k?
21
Let a be 114/18 - (-4)/6. Calculate the highest common factor of 49 and a.
7
Let d be -2 - -1 - (0 + -13). Let a = -47 + 77. What is the greatest common factor of a and d?
6
Let i = 23 - -53. Let n = i + -41. What is the greatest common factor of 14 and n?
7
Suppose 11*r + 121 = 847. Calculate the highest common factor of 44 and r.
22
Suppose 42 = 10*p - 7*p. What is the greatest common divisor of p and 42?
14
Let w be 0 + 36 + 0/1. What is the greatest common factor of w and 12?
12
Let v(b) = b**3 - 20*b**2 - 21*b + 20. Let r be v(21). Suppose 3*q - 32 = -q. Calculate the highest common factor of r and q.
4
Suppose -5*r + 230 = -g, -4*r + 125 = -2*g - 65. Suppose 4*m + r = 121. Suppose m + 5 = 3*o. Calculate the greatest common factor of 56 and o.
8
Let a = -89 - -94. Calculate the greatest common factor of a and 3.
1
Let u = 15 + -13. Calculate the greatest common factor of u and 1.
1
Let u(c) be the first derivative of 7*c**2/2 - 3*c - 6. Let t be u(4). Calculate the highest common factor of 10 and t.
5
Suppose 12*m - 126 = 90. Calculate the greatest common factor of 90 and m.
18
Let x be 2/6 - 122/(-3). Let w = -28 + x. Suppose 0 = 11*r - 9*r - 182. Calculate the highest common divisor of r and w.
13
Suppose 5*z - 7 - 18 = 0. Suppose w - z*w + 136 = 0. Calculate the greatest common factor of 51 and w.
17
Suppose 0*q = -2*f - 2*q + 22, -5*f + 40 = 2*q. What is the greatest common factor of 4 and f?
2
Let c = 6 - 4. Suppose j + c*j - 6 = 0. What is the highest common factor of 4 and j?
2
Let w = 32 - 12. Suppose b + 4*b - 100 = 3*n, 0 = b + 2*n - w. Calculate the highest common divisor of b and 4.
4
Let g be ((-187)/(-33))/((-1)/(-6)). Let s be 2 + -3 + 0 + 52. What is the highest common factor of s and g?
17
Let y(s) = -s**3 - 3*s**2 + 23*s + 4. Let r be y(-7). Calculate the highest common factor of 39 and r.
39
Let k = -8 - -53. Let s(u) = u**2 + 2. Let z be s(-4). Calculate the greatest common divisor of k and z.
9
Let b(x) = -x**2 - 19*x - 15. Let o be b(-7). What is the highest common factor of o and 46?
23
Suppose 2*m - 5 = -3, 5*m + 79 = 4*x. Calculate the highest common factor of 7 and x.
7
Suppose 0 = 4*q + 428 - 148. Let k be q - (3/3 + -4). Let g be (-5)/10*(k + 1). Calculate the greatest common factor of g and 22.
11
Let c(l) = -3*l + 8. Let i(z) = z - 4*z - 3*z + 15. Let u(j) = 5*c(j) - 3*i(j). Let f be u(7). Calculate the greatest common factor of 40 and f.
8
Suppose 9*z - 46 = 62. Let c be 8/(2*(-2)/(-18)). What is the greatest common factor of z and c?
12
Let m be 52/(-6) + 2/(-6). Let v = m - -29. Let b = v - -2. Calculate the highest common factor of b and 132.
22
Let h(m) = -2*m**3 + 3*m**2 - 2. Let u be h(-1). Calculate the greatest common factor of 15 and u.
3
Let u = -104 + 4. Let b be 15*(u/12)/(-5). What is the highest common factor of 200 and b?
25
Let m be (-4)/8 - 191/(-2). What is the greatest common divisor of m and 19?
19
Let a be -1*(-18)/(-4)*-2. Let t = 8 + -5. Suppose 2*c + t*c = 225. What is the greatest common factor of a and c?
9
Let o be 1/(-5) + (-48)/(-15). Suppose 0 = -o*s + 103 - 4. Let i = 18 + -7. Calculate the highest common divisor of i and s.
11
Let a = 1 + 1. Let g = a + 4. Let o be 288/g*(-2)/(-2). Calculate the greatest common factor of 6 and o.
6
Let a be (5 - 7)/((-4)/22). Let v be 141/a + (-4)/(-22). What is the highest common factor of v and 13?
13
Suppose -5*s + 2*a = -30, s - 2*s = -2*a + 2. Let j(x) = -x**3 - x**2 + 6*x - 6. Let f be j(-5). What is the greatest common factor of f and s?
8
Let i = -4 + 20. What is the greatest common divisor of i and 2?
2
Suppose 0 = -6*q + q + 5. What is the highest common divisor of q and 4?
1
Let g be -1*(-17 + 0)*11. What is the greatest common divisor of 17 and g?
17
Let u(p) = -p**2 - 10*p - 2. Let j be u(-6). Let w = -29 - -40. What is the greatest common divisor of j and w?
11
Suppose 0 = 4*s - 2*v - 174, s - 4*s + 132 = -2*v. What is the greatest common divisor of 6 and s?
6
Let i = 7 + -3. Suppose -2*x = -i*r + 12, 0 = -2*r + 4*x - 5*x + 2. Let f be (-2 + (3 - r))*-1. Calculate the greatest common divisor of f and 1.
1
Suppose -5*i + 3 = -22. Suppose -i*z + 35 = t, z + 3*t = -2*t + 31. What is the highest common factor of 6 and z?
6
Let g be (2/(-5) + 0)*(59 + -74). What is the greatest common factor of g and 66?
6
Let o(q) = -2*q**2 - 8*q + 2. Let b be o(-4). Calculate the highest common divisor of 8 and b.
2
Let n(d) = d + 8. Suppose -t - 30 = g + 4*t, g + 4*t = -25. Let p be n(g). What is the greatest common factor of p and 27?
3
Suppose b + 2*b + 66 = 0. Let z = -11 - b. What is the greatest common divisor of 121 and z?
11
Suppose -2*q - b - 87 = 3*q, b + 53 = -3*q. Let l = q + 39. Let o be 2/2 - (3 + -244). Calculate the highest common divisor of l and o.
22
Let q be (3/(-6))/(2/(-396)). Calculate the highest common factor of 11 and q.
11
Let q(y) = -y. Let w(b) = -3*b - 13. Let t(l) = 4*q(l) - w(l). Let n be t(10). Suppose n*j - 236 = 169. What is the greatest common divisor of j and 15?
15
Let n be 2/3 - (-100)/12. Calculate the highest common divisor of 6 and n.
3
Let l(v) = -v**2 + 5*v + 7. Let q be l(5). Suppose -q = -u - 1. Calculate the highest common factor of u and 6.
6
Let g = 13 + -2. What is the highest common factor of g and 33?
11
Let c be 1/(-3) + (-16)/(-3). Let x be c/(-2)*(-5 - -3). Suppose -5 = -x*p + 10. Calculate the highest common factor of p and 21.
3
Let w(n) = -n + 13. Let v be w(11). Suppose 6*j - 26 = 2*j + 2*c, 0 = -v*c - 